True
Suppose 3*c - 578103 = -u, 27*c - 5*u - 192701 = 26*c. Is c a composite number?
True
Is ((-248)/(-868) + (-1 - 2/7))*-260747 a prime number?
True
Let g be 81/6 - 6/(-12). Let f be 0/(-2)*(g/(-4) + 3). Suppose -26 = -l - 5*s, f*l = 4*l + 4*s - 88. Is l prime?
False
Let g be (0/5)/((-1)/1). Suppose 33*z + z - 98906 = g. Is z prime?
True
Let c be (736308/14)/(-6) + (-9)/21. Let k = -3559 - c. Is k a composite number?
True
Let f(o) = -o + 28. Let r be f(10). Suppose 14*y = r*y - 8. Suppose 2*a - 2*c = -c + 11513, 11498 = y*a + 4*c. Is a a composite number?
True
Let q(j) = j**3 + 2*j**2 + 5*j + 4. Let b be q(-2). Is 411 + (-1 - b) + 6 a prime number?
False
Let c(p) = 2*p + 33. Suppose 9*o - 2*o = -63. Let d be c(o). Suppose -d*l = -9*l - 2910. Is l a prime number?
False
Let x be 8/(192/(-414)) - 1/(-4). Let p(w) = -w**3 - 18*w**2 - 17*w + 7. Let o be p(x). Suppose o*i + 3171 = 14*i. Is i prime?
False
Let q(t) = -5764 + t**3 - 2*t + 34*t**2 - 78*t**2 + 42*t**2. Let h be q(0). Is -3 - (2 + -3) - h/4 a composite number?
False
Let s(d) = -10*d**2 - d + 2. Suppose -3*b = -b + 20. Let w be s(b). Let v = -607 - w. Is v prime?
False
Suppose 6*y - 59399 - 1353211 = 0. Is y composite?
True
Suppose 2*r = n + 29563, 7*r - 73912 = 2*r + n. Is r a composite number?
False
Let w(g) = 393*g**2 + 5*g - 5. Let p(r) = -r**3 - 6*r**2 + 5*r - 13. Let f be p(-7). Is w(f) a composite number?
True
Suppose 195*d + 16*d = 40389409. Is d a composite number?
True
Let c be (-1)/((7 - 2)/(-10)). Suppose -55 = -c*r - 27. Is (6/r - 1996/(-112))*28 composite?
True
Suppose -3*w - 3*y - y + 1453 = 0, -5*w + 6*y + 2485 = 0. Suppose -w*x = -496*x + 83605. Is x composite?
True
Let n = 2626724 - 1536727. Is n prime?
False
Suppose -4*o + 810 = -258. Suppose -18 = -4*h + 2. Suppose -h*l - 2*k = 30 - 313, 5*l - 2*k = o. Is l composite?
True
Let n(m) = -1984*m - 16. Let x(p) = 1. Let v(r) = n(r) + 3*x(r). Is v(-3) composite?
False
Suppose -p + 5*r = -0*p - 37, 4*p + 3*r = 148. Let g(s) = s + 3*s**2 + 82*s**3 - 4*s + p - 36. Is g(1) composite?
False
Let s(y) = 0*y - 2*y - 7 + 10*y + 13*y + 27*y**2. Is s(10) a composite number?
False
Suppose -132*n - 168 = -125*n. Is n*7/(-21) + 4973 prime?
False
Let o(y) = -32*y - 3. Let v be o(5). Suppose -1320 = -9*p + 11478. Let k = v + p. Is k a composite number?
False
Let b(o) = o + 15. Let c be b(-12). Suppose 323 = -c*z - 37. Is (40890/z)/(-1 + (-6)/(-8)) composite?
True
Suppose 5*o = 68 + 82. Let a(m) = m**2 + m + 26. Let p be a(-17). Suppose 32*x - o*x = p. Is x a composite number?
False
Let x be (42/(-1))/(8/(-4) + 1). Suppose 0 = -x*b + 36*b + 32622. Is b composite?
False
Let t = -171229 - -473835. Is t a composite number?
True
Suppose -51 + 155 = 4*u. Suppose -5*d + 28 + u = -p, -8 = -2*d - 3*p. Suppose -1435 = 5*o - d*o. Is o composite?
True
Let i(k) = -67*k - 157. Let j(a) = -134*a - 311. Let q(b) = -11*i(b) + 6*j(b). Is q(-8) a composite number?
False
Let j(o) = -o**3 + 90*o**2 + 101*o + 723. Is j(52) prime?
True
Let a(h) = 31*h**2 + 83*h - 643. Is a(80) prime?
True
Let f = 261 - 262. Is 9 + f + (7211 - 12) a prime number?
True
Suppose 5*m - 2*t - 787 = 7, -m + 157 = -t. Is 6/(-10) + 2017856/m a composite number?
False
Suppose -2*d + 7819 = 3*l, 8*d = 3*d - 5*l + 19555. Suppose -2*k - 6*i + d = -10*i, 0 = 2*k + 5*i - 3941. Is k prime?
False
Let n be (-56)/8 + 8 + 438. Let y = n - 236. Is y a prime number?
False
Let i = 57 - 54. Suppose -15*s + i = -12*s. Is 5/(40/44)*(s - -213) a composite number?
True
Let k be (3/6)/(6/1668). Let q = 1058 + -398. Let f = q - k. Is f prime?
True
Suppose f - 3*z = 174004, -2*z = 4*f + z - 695911. Is f a composite number?
True
Let l(b) = -3*b**2 + 37*b - 16. Let j be l(12). Is ((35/j)/(-7))/(11/1628) a composite number?
True
Let n(m) = -2987*m - 607. Is n(-7) a prime number?
False
Is (-75)/30 - 126135/(-2) prime?
False
Suppose -14*b + 17*b = 3*f - 354918, -2*f = -3*b - 236615. Is f composite?
True
Suppose 2*w + 4*j + 7786 = 0, -5*w - 24550 + 5145 = -5*j. Let r = -2002 - w. Is r prime?
False
Suppose 0 = k - 2*y - 1, -2*k + 35 = y + 13. Suppose -7 = k*t - 34. Suppose 0 = t*f - 160 - 1187. Is f a composite number?
False
Let v(o) = -7*o**2 - 2. Let a(z) = z. Let g(m) = -5*a(m) - v(m). Let j = -2577 - -2581. Is g(j) a composite number?
True
Let j = 624 + 4659. Suppose 13*c - j = 4*c. Is c composite?
False
Let n = 231924 + -83339. Is n a prime number?
False
Let b = -78 - -93. Let g = 19 - b. Is g/(-38) + (-247865)/(-95) composite?
False
Suppose -2*l = -2*n + 96, -8*l - 188 = -4*n - 6*l. Let k(f) = 10*f + n*f - 5 + 20*f + f. Is k(14) composite?
True
Suppose 8*q - 177 = -209. Is 10 + q + (-19972)/(-4) prime?
True
Let g = -34065 + 54934. Is g composite?
True
Suppose 6*t - 3*t = 1440. Let r = 1260 + t. Suppose -5*i = -r - 695. Is i composite?
False
Suppose 5*c + 0*c = 2135. Suppose 0 = 4*p + 133 - 3453. Suppose 0 = r - p - c. Is r prime?
False
Let w(v) = 1105*v**2 - v + 1. Let y = -25 - -26. Let i be w(y). Suppose i = 52*q - 47*q. Is q a prime number?
False
Suppose 56502 = 9*w - 0*w. Is (w/4)/(20/40) a prime number?
False
Suppose 189 = -3*w - 3*l, 3*w + 3*l + 67 = 2*w. Let f = -59 - w. Suppose -4*c + 1112 = -2*c - 2*t, 0 = -3*c + f*t + 1669. Is c a prime number?
True
Suppose 3*n + 5313 = 3*a, 6*n + 7082 = 2*n + 3*a. Let t = n + 3338. Let l = t + -880. Is l a prime number?
False
Suppose 22 - 79 = -3*f - c, -c + 75 = 4*f. Suppose 9*x = -2*l + 10*x - 5, -3*l = 2*x - 10. Suppose 2*z - f - 564 = l. Is z a composite number?
True
Let t = 30 - -63. Let s = t + -231. Let c = 551 - s. Is c composite?
True
Let l be -2 + 0 + (3 - -6). Let s(d) = 3*d - 22. Let w be s(l). Is (-3)/(6/(-4100)) - w a prime number?
False
Is (-17481)/(-2) - ((-154)/(-28) + -6) a composite number?
False
Suppose 2*x - 2*l = -6*l - 3010, 5*l - 4526 = 3*x. Is (-62 + 63)/((-1)/x) a composite number?
True
Let z = -18352 - -40265. Is z composite?
True
Let l = 56998 - 28211. Is l a composite number?
True
Let m(i) be the first derivative of -165*i**3 + 3*i**2 + 10*i - 13. Let l be m(6). Is (-12)/30 - l/10 prime?
True
Let t(v) = v - 12. Let l be t(6). Let p be 86/(-10) + l/(-10). Let g(a) = -11*a + 21. Is g(p) prime?
True
Let h(k) = -k**3 + 21*k**2 - 5*k + 11. Let q be h(14). Suppose -420 = -a + q. Is a a prime number?
True
Let l(g) = 11*g + 11. Let f be l(6). Suppose -5*i + 192 = 3*t, 2*t + 28 + 13 = i. Let k = f - i. Is k prime?
False
Let a(c) = -4*c - 55. Let k be a(-10). Is -9337*(k/(-20) - (-7)/(-4)) prime?
True
Let l(a) = -a**3 + 4*a + 4. Let x be l(-2). Suppose -1729 = 3*h - 3*v - 15967, -2*h - x*v = -9522. Is h composite?
False
Let o = 17490 + -35506. Let n = -9701 - o. Is n a composite number?
True
Let o(c) = 26*c - 54*c - 1 + 26*c. Let h be o(-1). Is ((-25)/h + -4)*-5 a composite number?
True
Let n(x) = x**2 - x - 1. Let b = -1 - 0. Let d(f) = f**3 - 16*f**2 + 16*f - 43. Let c(m) = b*n(m) + d(m). Is c(17) a composite number?
True
Is (-15307164)/(-81) + (4/36)/((-1)/3) a prime number?
False
Let g = -55 - -55. Let r be 3777/(1 - g/((-8)/(-2))). Let v = r + -2484. Is v a prime number?
False
Let b = 36 - 33. Suppose 7 + 3 = -j - b*s, 0 = -3*s - 12. Suppose 0 = -2*x - j*c + 6552, 5*x + 3*c - c = 16365. Is x a prime number?
True
Let c = -9783 - -19193. Suppose 3*d = 24523 + c. Is d composite?
False
Suppose 788*y - 617678 = 714*y. Is y composite?
True
Let g be (20/(-30))/(3 - 43114/14370). Suppose 2*c = -3*h + 1437, 5*c - g = -5*h + 2*c. Is h composite?
False
Suppose 0 = 5*h - 1913 - 317. Let x = h + -265. Suppose -7*s = -8*s + x. Is s prime?
True
Suppose -139*n = -385*n - 298*n + 23738528. Is n a prime number?
False
Suppose -3*i = -3*n - 3, -2*n + 4*n + 14 = -4*i. Is 248/(-372)*i*38694/8 composite?
False
Let z be 294/9 + (-3)/(-9). Let y(j) = 2 + z*j - 3 + 15*j - 278*j. Is y(-4) prime?
True
Let o be (52/(-117))/((-1)/9). Suppose 4*h = q + h + o, -2*q = h - 13. Suppose q*c + 351 - 2871 = -5*x, 0 = -5*c - 3*x + 2522. Is c a prime number?
False
Suppose 150*b - 27801 = 141*b. Suppose -3*m + b = p, -4*m - 20*p + 4116 = -18*p. Is m composite?
False
Let c = -184 + 313. Let v be (c/2)/((-3)/42). Let q = 166 - v. Is q a prime number?
True
Suppose 9*a - 633 = 312. Let x be 5/(a/6) - (-108)/14. Let v(r) = 2*r**2 + 6*r - 17. Is v(x) a composite number?
True
Suppose 